et v = -18 + 13. Let s = v - -4. What is the units digit of 1/(s - (-48)/45)?
5
Suppose 2*n = -d + 42, -2*d - 2*n - 114 = -4*d. Let a be 8/12 - d/6. What is the units digit of (1 - 4)*a/3?
8
Let y(v) = 22*v**3 - v + 1. Let r be y(1). Suppose 0 = -w + 3*w + c + r, 2*w - 5*c = -10. Let z = -6 - w. What is the units digit of z?
4
Suppose 3*s - s = 2. Let z be (-16)/12*6/4. What is the tens digit of z/(2*s/(-11))?
1
Let h = -9 + 8. Let v be 0 - h - (-51 - -3). Let x = v - 28. What is the tens digit of x?
2
Suppose 0 = 3*w - 0*x - 2*x - 27, 2*w = -4*x + 18. Let d be (-17)/(-7) - w/21. Suppose -d*b = -8 - 18. What is the units digit of b?
3
Let s(a) = -6*a**2 - 2*a + 9. Let t = 3 + 2. Let f(c) = 7*c**2 + 2*c - 10. Let h(p) = t*f(p) + 6*s(p). What is the units digit of h(-3)?
1
Let g(m) = -m**3 + 3*m**2 + 7*m - 6. Let r be g(4). Suppose 3*w - r*d + 2 = -d, 0 = 5*d - 20. What is the units digit of w?
6
Let f(z) = -z**2 + 9*z - 10. What is the units digit of f(7)?
4
What is the tens digit of 1*3/(-2)*1192/(-12)?
4
Let q be 2/(2/(-10)*-2). Suppose q*v - 2*v - c = 100, -4*c + 112 = 4*v. What is the units digit of v?
2
Let a = 25 + -15. What is the units digit of a?
0
Let l be -11*-1*(-2)/(-2). Let f = l + -7. Suppose f*q = 3*q + 1. What is the units digit of q?
1
What is the hundreds digit of 3/(-12) + 2 + (-946)/(-8)?
1
Suppose 6*c - 11*c + 665 = 0. What is the tens digit of c?
3
Let z = 4 - 8. Let i(h) = -4*h - 4. What is the units digit of i(z)?
2
What is the tens digit of (2/6)/((-14)/(-1890))?
4
Let g = -6 - 2. Let l = -12 + 29. Let o = l + g. What is the units digit of o?
9
Suppose -145 = -u - 3*d, -292 = -2*u - 2*d - 3*d. What is the units digit of u?
1
Let p(w) = 8*w. Let x be p(-3). Let o = x + 45. What is the units digit of o?
1
Let h be 8*1*(-2 - -3). Let g be 929/4 - h/32. What is the tens digit of (-4)/(-26) - g/(-13)?
1
Let i(x) = 6*x**2 + 1. Let b be i(2). Suppose g - 11 = -2*j, -3*j + 66 = 5*g + b. What is the units digit of g?
7
Let q(i) = -2*i - 2*i + 3 + i**2 + 4. What is the units digit of q(5)?
2
Let w(n) = -n**3 - 3*n**2 - 5*n - 4. What is the units digit of w(-4)?
2
Let s = -4 + 6. Let d be (15/10)/(s/4). Suppose d + 3 = z. What is the units digit of z?
6
Suppose 146 = 2*s + b + 27, s - 61 = -b. What is the tens digit of s?
5
Suppose 5*t - 10*t + 765 = 0. What is the tens digit of t?
5
Let h(p) = 67*p**2 + p. Let i be h(1). Suppose -a = 2*a + 2*k - 62, 4*a = k + i. What is the units digit of a?
8
Suppose 3*h + 6 = -6, 0 = 5*k + 2*h - 17. Suppose -k*y = -2*f + 7*f + 25, -15 = -5*y. Let c = -5 - f. What is the units digit of c?
3
Let f(y) = y - 11. Let p be f(8). Let g(j) = -5*j**2 - 2*j + 5. Let k(w) = 6*w**2 + 2*w - 6. Let o(h) = p*g(h) - 2*k(h). What is the tens digit of o(-3)?
1
Suppose -4*f + 137 = -5*n, -5*f + 3*n + 135 = 4*n. What is the units digit of f?
8
Suppose -7*z + 2*z - 49 = -3*m, -2*m + 3*z + 31 = 0. Let k(s) be the third derivative of s**4/24 - s**3/2 + s**2. What is the units digit of k(m)?
5
Suppose 4*d = 3*d - x + 21, 2*d - 57 = -5*x. What is the tens digit of d?
1
Suppose j - 5*f = 6*j - 45, 0 = 3*j - 3*f - 15. What is the units digit of j?
7
Let f(u) = -u**3 + 2*u**2 + 2*u - 3. Let o be f(2). Let h be 16/(-4) - 0/o. Let l(g) = g**3 + 3*g**2 - 6*g - 3. What is the units digit of l(h)?
5
Let l = 31 + -7. Suppose l = j + 2*j. What is the units digit of j?
8
Suppose -r + 1 = -1, -12 = -3*y - 3*r. Suppose -1 + 3 = y*h. What is the units digit of h?
1
Let o(s) = -s**2 + 13*s - 14. Let p be o(12). Let m(n) = -4*n + 2. What is the units digit of m(p)?
0
Let r be 1*-4*5/(-10). Let o be (-1)/((-1)/r)*2. Suppose 0 = -o*q + 5*q - 1. What is the units digit of q?
1
Suppose 3*x - 22 - 5 = 0. What is the units digit of x?
9
Suppose 0 = 2*h - 7*h - 4*n + 214, 2*n - 212 = -5*h. What is the units digit of h?
2
Let d be ((-7)/(-2))/(5/10). Let c be (11 - d)/(2/7). Suppose -c = -3*g + g. What is the units digit of g?
7
Suppose -2*q + 30 + 7 = 5*z, 3*q = 4*z - 25. Let o(l) = 5*l - 16. What is the units digit of o(z)?
9
Suppose 5*j = 3*v + 2*v - 55, 49 = 3*v + j. What is the tens digit of v?
1
Suppose 2*t = 5*t. Suppose -l + 19 = -2*s - 3*s, 4*s + 12 = t. What is the units digit of l?
4
What is the units digit of (-36)/(-1) - (5 + -2)?
3
Let q = -16 + 21. Suppose -4*m - 182 = -9*m + z, -m = q*z - 26. What is the tens digit of m?
3
Let c(a) = -a**2 - 7*a - 2. Let v be c(-6). Suppose 0 = v*t - 7*t + 12. What is the units digit of t?
4
Let s(k) = k**2 + 2*k + 9. What is the units digit of s(7)?
2
Let b(r) = 21*r + 2. What is the tens digit of b(2)?
4
Let u(g) = 2*g**2 + 1. Let w be u(1). Let i be (-2)/w*9/(-2). Suppose -i*x + 68 = x. What is the units digit of x?
7
What is the tens digit of 178/6*1*3?
8
Let q(l) = -l**3 + 7*l**2 + l - 3. Let z be q(7). Suppose -z*b = -0*b - 12. What is the units digit of b?
3
Let k be (-2 + 3)/((-2)/(-18)). Let w(p) = 0*p**2 + 4*p**2 - 10*p - 3*p**2 + 11. What is the units digit of w(k)?
2
Let b be -3 + (-9)/(-6)*4. What is the units digit of 80/25 - b/15?
3
What is the units digit of 2 - 2 - -7 - 2?
5
Suppose -g = 2*v - 48, 0*v + v + 192 = 4*g. Suppose 2*t + 2*t = g. Suppose -2 = d - t. What is the tens digit of d?
1
Let f(j) = 3*j**3 - 2*j + 1. Let h be f(1). Let v = 33 - 30. Suppose h*i - 43 = 8*l - v*l, -5*l + 11 = 4*i. What is the units digit of i?
9
Let t be (42/5)/(6/20). Let u = t - -9. What is the units digit of u?
7
Suppose 0 = 3*a - 51 - 33. What is the tens digit of a?
2
Let r = 4 - 14. Let o = r + 14. What is the units digit of (o - -2)*(-3)/(-2)?
9
Let t = -28 + 42. What is the units digit of t?
4
Suppose -2*g + 2*y = -66, -3*y = -g + 12 + 31. What is the tens digit of g + ((-3)/3 - 1)?
2
Let g = 12 + 3. Suppose -2*z - w = -g, 3*z - 1 - 8 = 3*w. What is the units digit of z*(-3)/(1 + -10)?
2
Let g(i) = -i + 8. Let s be g(6). Let r be (-5)/4 + (-2)/(-8). Let a = s - r. What is the units digit of a?
3
Let a be 2 + -1 + 2 - -1. Let g = a - -8. What is the tens digit of g?
1
Suppose -5*w + 12 = 2. What is the units digit of w?
2
Suppose 4*n = 1 + 7. Suppose -8*l + 3*l + 9 = n*a, 5*a + 5*l - 45 = 0. What is the units digit of a?
2
Let z be (116/(-3))/(5/15). Let w = -82 - z. What is the units digit of w?
4
Let f(d) = -10*d - 25. What is the hundreds digit of f(-13)?
1
Let f(d) = -d + 8. Let l be (-4)/(-1) + 2/1. Let a be f(l). What is the units digit of 1/(-2) - (-23)/a?
1
Let z be (1/(-1))/(1/(-1)). Suppose -2*n - 3*n = -5. What is the units digit of n - 3 - (-8 + z)?
5
Suppose -70 = -5*a + 100. What is the tens digit of a?
3
Let c be 2/5 - (-27136)/(-40). Let o = c + 138. What is the units digit of 4/22 + o/(-55)?
0
Suppose -14*d - 460 = -19*d. What is the units digit of d?
2
Let c = 5 - 8. Let n = c + 9. What is the tens digit of (2/n)/(9/351)?
1
Suppose -6 = -5*g + 9. Suppose 2*n = -u + g*u - 4, 2*n + 13 = 5*u. Suppose c = -2*c - 9, 4*c = u*x - 33. What is the units digit of x?
7
Let u be 3*2/8*4. Let p be -2*u/(-12)*-4. Let t(a) = -2*a**3 - a**2 + 4*a + 3. What is the units digit of t(p)?
7
Suppose 0 = -s - 2*s + 51. What is the units digit of s?
7
Suppose 0*v - 18 = v. Let a = 13 - v. What is the units digit of a?
1
Suppose 3*j + 4 = 4*j. Suppose -3*v = -5*i + 156, 92 = 3*i - j*v - 6. What is the units digit of i?
0
Suppose -2*x = -x - 2. Suppose -3*l + 25 = x*l. What is the units digit of l?
5
Let r = -46 - 13. Let k = r - -83. What is the units digit of k?
4
What is the tens digit of 2994/42 - ((-12)/7 + 2)?
7
Let y = 64 + -43. Let p = y - 11. What is the tens digit of p?
1
Suppose 0 = -5*r + 97 + 143. What is the units digit of r?
8
Let h(g) = g**2 - 8*g + 8. Let q be h(6). Let y = -6 - q. What is the units digit of 54/10 - y/(-5)?
5
Suppose -4*z = 4, -q + 1 + 2 = -5*z. What is the tens digit of 35/q*(-26)/13?
3
Let d = 3 + -3. Suppose 5*h - 2 + 27 = d. What is the units digit of (12/15)/((-1)/h)?
4
Let k(x) = -x**2 - 7*x + 1. Let p be k(-3). Let j(t) = -t**2 + 18*t - 19. What is the units digit of j(p)?
6
Let m(l) = 2*l + 7. Let h be m(-5). Let c be 1/h + (-19)/(-3). Suppose 0*a - c = -2*a. What is the units digit of a?
3
Let l(x) = x**3 + 6*x**2 + 4*x - 1. What is the tens digit of l(-4)?
1
Let u = 9 - 8. Let s = 6 - u. What is the units digit of s?
5
Let r be (-2 + (-6)/3)/1. W